
Evaluate 14 - ((23 - 27) + 32).
-14
-9 + 2 - ((20 - -1) + -58 + 49)
-19
What is 12 - 1 - ((7 - 2) + 7)?
-1
Calculate -23 + 29 + -17 + 7 + 0.
-4
What is the value of 53 - (48 + -15 + (-27 - -10))?
37
Calculate -25 - (-10 + 21 + -25).
-11
What is 11 - 0 - (-54 - (-136 - -35))?
-36
(18 - (14 - 12)) + -36
-20
Calculate 20 + -34 + 0 - -32.
18
(-3 + 2 + 25 - 1) + -10
13
Evaluate (1 - (-3 + (-3 - 1))) + (-68 - -66).
6
Evaluate 8 - (6 + 1 + 0).
1
Calculate 1 + (7 - 1 - -1) + 4 + 1.
13
What is the value of -3 - (-7 + (16 - 8) + 3 - -3)?
-10
What is the value of -9 - -7 - (5 + -15) - (-6 + 2)?
12
Calculate -83 + 5 + 73 + 32 + -1.
26
What is -3 + 1 + -9 - (9 + -9)?
-11
What is (16 + -34 - -18) + (-1 - -1) + -9?
-9
What is the value of 49 + (-7 - 24) - (1 - -7) - 0?
10
Calculate 15 - 10 - (7 + (-6 - -2 - 5)).
7
What is -7 + -131 + 152 + (1 - 18)?
-3
Evaluate 1 + -1 + (-31 + -2 - -41).
8
What is 33 + -21 + 8 + -8 + 0?
12
What is the value of -11 + -2 + -3 + (1 + 0 - 2)?
-17
What is the value of (-1 - -13) + 11 + -25?
-2
Evaluate -4 - 37 - (10 - ((12 - 14) + 13)).
-40
Calculate 8 + (-1 - 1) + (-1 - (3 - 3)).
5
Evaluate -30 - (12 - 26) - -10 - 21.
-27
Evaluate (-4 - (8 + -26)) + 9 - 3.
20
What is the value of -1 + 12 - ((3 - (8 - 3)) + -7)?
20
Evaluate -8 - (-25 - (-1 + -2)).
14
What is the value of -1 + (8 + (4 - 3) + -5 - 0)?
3
Evaluate -4 + 8 - (41 + -44).
7
-16 - ((-12 - 1) + (60 - 46))
-17
What is the value of (1 - 7) + 1 - (-5 + -1)?
1
What is the value of -5 - -11 - (5 - -4)?
-3
13 + (11 + -38 - -14) - (20 - 1)
-19
Calculate 0 - -12 - (-152 - -163).
1
(16 - 0) + (-12 - (-19 + 3 + 9))
11
What is the value of -1 + 4 + 2 + 0 + (18 - 30)?
-7
What is 30 + -34 + 15 + -27 + -3?
-19
(-17 - -11) + -17 + 13
-10
What is 2 + 13 + -12 + (1 - 12)?
-8
What is 3 + 9 + 6 + (-15 - 10)?
-7
-4 + (3 - 11) + 1
-11
What is -31 - (-19 + 11 + -9) - -19?
5
What is the value of (26 - 0) + 629 + -649?
6
Calculate -15 + (19 - 4) + -13.
-13
Calculate 397 - 418 - (-17 + 0).
-4
Evaluate (4 + -2 - (-5 + 4)) + (-24 - -15).
-6
What is the value of 17 - (1 + 6 - 5)?
15
Evaluate -7 + -1 - (-78 - -76).
-6
(-12 - -3 - -6) + 4 - (-2 - 2)
5
45 + -1 + -8 - (13 - 0)
23
-15 + 5 + 3 + 4 + 10 - 7
0
Calculate -1 + -14 + -1 - -13.
-3
What is the value of 0 + -2 + (-4 - (-5 + 11 + -6))?
-6
What is the value of (6 - -1) + 143 + -156 + 0 + -5?
-11
Evaluate (-1 - 0) + -14 + (-1 - (3 + -2)).
-17
Evaluate (30 - 9) + -8 - (20 + -5).
-2
(26 - (-8 - -29)) + -2
3
(0 - -11) + -61 + 47
-3
Calculate -10 + 1 - (-14 + 19 + 0) - -4.
-10
What is the value of (8 - (2 - -2)) + 32 - (27 - 27)?
36
Calculate -1 - -1 - -5 - (-66 + 61).
10
Calculate 4 - (-2 + 16 - (-5 - -12)).
-3
-2 + 4 + 287 + -290
-1
2 + -3 - (-15 - -20) - -4
-2
Evaluate 2 + 1 + -26 + (13 - -5).
-5
What is the value of -19 + -18 + 39 + (-3 - 0)?
-1
Evaluate -6 + (10 - 16 - -6).
-6
Evaluate -8 + (11 - 2 - -10).
11
What is -9 - (-14 - -2 - (-13 - -4 - -7))?
1
What is 48 - (4 + -15 + -1 + 19)?
41
Evaluate 2 + -7 + (-32 - -6 - -7) + 2.
-22
What is 9 + -26 - -42 - (1 - 7)?
31
-22 + 4 + -2 + 1 + (113 - 112)
-18
(-4 - 1) + (0 - 10 - (63 - 71))
-7
Calculate 2 + 9 + -7 + (-3 - (-4 - -14)).
-9
What is -27 + 16 + -1 - -24?
12
Calculate 19 + (7 - 30 - -4).
0
Calculate (-8 + (0 - -6) - 6) + -1.
-9
Calculate (-88 + 88 - ((-1 - 2) + 5)) + 5.
3
Calculate (-87 - -77) + (-12 - -22).
0
Evaluate (9 - 3 - -1) + 12 + (-12 - 6).
1
Evaluate (-17 - (14 + -22)) + 2 + -1.
-8
What is 7 - (-13 + 16 + -8 + 4)?
8
Evaluate -6 + 0 + -1 + (-172 - -179).
0
What is the value of (-10 - (-9 - 12)) + -20?
-9
What is the value of -7 - (15 + -2 + -8)?
-12
Calculate 1 - (-12 + (4 - -11) + -6 + 1).
3
Evaluate (2 - 21) + (-142 - -138) + (-1 - -11).
-13
Evaluate 2 - (3 + 0 - 10) - (710 + -674).
-27
Evaluate -7 + -1 - (55 + -78 + 52).
-37
3 - (-18 + (-12 - -26) + -2)
9
-15 - (12 - 25) - (-1 - -10)
-11
What is (0 - 8 - -4 - 2) + -126 + 108?
-24
Calculate -5 + 12 + -6 - 1.
0
Evaluate (80 - 61) + -7 + 2 - 37.
-23
What is the value of (42 - 38) + (-20 + 3 - -4)?
-9
Evaluate -11 + 9 - (-6 - -5) - (5 - -1).
-7
-45 - -19 - -21 - -13
8
What is the value of -1 - (97 + -104 + -1 + 18 - 0)?
-11
Calculate -3 + -10 + -10 + 29 + -20.
-14
What is (15 + 2 - 9) + -13?
-5
What is -2 - 9 - (12 - 1 - (56 - 48))?
-14
Evaluate -1 + -1 - (-8 - -5 - -10).
-9
Evaluate (-4 - (-11 - -18)) + 7.
-4
Evaluate 19 + -55 + 29 + (-4 - 0).
-11
(31 - -6 - 24) + 8
21
7 - (29 - (0 + 3 + 19 + -17))
-17
Evaluate -4 - (12 - (2 + -4) - 4).
-14
What is 23 + -42 + 19 - (1 - 2 - 4)?
5
What is 26 + -41 + 10 + 6?
1
What is the value of -12 - (-5 + -8 + 9)?
-8
What is the value of (-17 - 2) + 6 + 12?
-1
Evaluate (-8 - (-30 + 6 + 4)) + 0.
12
What is the value of -8 - ((-3 - 2) + 6) - -12?
3
Calculate -17 - (-20 + (6 - -8)).
-11
Evaluate (9 - -11) + 5 - 14 - -16.
27
0 - -25 - (2 - 12 - -20)
15
What is the value of -14 - (-2 - (26 - 13))?
1
Evaluate 2 + -2 + (105 - 97).
8
Calculate -228 + 209 + (0 - -2).
-17
What is 4 + (17 - (1 - (5 - 12)))?
13
What is -2 - (3 - (-1 - -4)) - -10?
8
What is 5 - (-4 + 12 + -11 - -9)?
-1
What is 13 - 1 - (-81 - -92)?
1
-4 + (14 - (10 + 5))
-5
What is the value of 21 + 6 + (43 - 34) + (-2 - 2)?
32
Evaluate (4 - 7) + 7 - (-1 - -10).
-5
10 + -26 + 1 - -31
16
-68 + (20 - 12 - -24)
-36
What is the value of -10 + 0 + -3 + (2 + -1 - -5)?
-7
-8 + (15 - (2 - (6 - -4))) + 3
18
28 - (15 - -7) - 4
2
43 + -50 + (0 - -9)
2
Evaluate 12 + (-4 - 2) + -12 + -7.
-13
What is the value of -9 + -7 - (8 - (11 + 6))?
-7
-3 - (7 - -18) - -5
-23
Evaluate -21 + -7 + 20 + -7.
-15
What is -24 - -36 - (5 + -3 + 7 + -5)?
8
4 - (-7 - -8) - 0 - 5
-2
What is (5 + -9 - -11 - 12) + (3 - 0)?
-2
Evaluate 1 - (20 + -31) - (27 + 0).
-15
Calculate 7 + (-2 - -10 - -2) + (-4 - 4).
9
-8 + -8 + 1 + 6
-9
Evaluate 0 + -1 - -10 - 3.
6
Evaluate (-3 - (-5 - (8 - 20 - -10))) + -8.
-8
What is (1 - (17 + -21) - (-1 + 2)) + -5?
-1
-14 + 22 + (-1 - (4 - 4 - 0))
7
What is the value of -16 + 1 - (67 + -162 - -67)?
13
-11 - (3 - ((4 - 0) + 2))
-8
Calculate -16 + 0 + (157 - 144) + -9 + -2.
-14
Evaluate (0 - 2) + 74 + -58.
14
Evaluate (-1 + 2 - (-1 - -12)) + -14.
-24
Evaluate 1 - -3 - (32 - 3) - (-13 + 5).
-17
What is (103 - 56) + -32 + -3?
12
What is the value of 23 - -6 - 19 - 5?
5
What is the value of -7 - (-16 + 5 + -5) - (0 + 33)?
-24
Evaluate (1 - 0) + 29 + (-15 - -35 - 21).
29
What is the value of -8 - (-33 - -5) - 9 - (-1 - 2)?
14
What is -18 - (25 + -25 + -33)?
15
-12 - (16 - (9 + 1))
-18
What is the value of (2 - 0 - -10) + (-62 - -62)?
12
-9 - (-7 - (-9 - 3))
-14
Evaluate 0 + -34 + 0 + (26 + -29 - -8).
-29
Calculate (88 - 92) + (1 - 4).
-7
What is 7 + (4 - (-14 + 16 + 1 + -4))?
12
What is 28 - ((-1 - -2) + 6 - (7 + -6))?
22
Calculate -1 + 2 - (0 + 44) - (-1914 - -1903).
-32
Evaluate 2 - (-12 - (-2 - -3)) - (3 - -1).
11
Calculate 1 - -10 - (-5 - -13 - 4).
7
25 - 2 - (17 - (-13 - -19))
12
Evaluate (6 - 2) + -1 + 3 - -1.
7
What is 1 + -5 + -2 + 2 + (-203 - -206)?
-1
-12 + ((-14 - -10) + 6 - 0)
-10
Calculate 8 + (-1 - (4 - 5)) - (-16 + 19).
5
-5 - (14 - 6 - -5) - -12
-6
Calculate -30 + 16 + -8 + 0.
-22
Calculate 50 - 32 - (2 - -8).
8
Calculate -15 - (-6 - (4 + -3) - -5).
-13
What is (-2 + 1 - -1) + 1 - (3 + 3)?
-5
(-4 - (-2 - -3) - 2 - 0) + 11
4
What is 1790 - 1805 - (-22 - 1)?
8
Calculate -18 + 15 - (2 - -4 - 13).
4
What is 5 + 2 + (-179 - -182)?
10
Evaluate (5 - (9 - 13)) + -2.
7
0 + (8 - 8) + -4
-4
What is (29 - 1) + -70 + 56?
14
Evaluate 163 + -171 - (0 + -4 + -2) - -6.
4
Evaluate ((0 - -4) + 3 - 5) + -5 + -2.
-5
What is the value of (-16 - 0) + (-16 - -38)?
6
What is 14 + 4 + 23 + -27?
14
33 - (48 - (-23 - -46))
8
What is 38 + -9 + -74 + 9 + 1?
-35
Calculate (13 + (8 - 2) - 42) + 4.
-19
What is the value of (-51 - -47) + 13 + (-30 - (0 + -1))?
-20
Evaluate -1 - (-8 + 4) - 0 - 9.
-6
What is the value of 25 + (-11 - 19) + 13?
8
Evaluate (-19 - -8) + 9 - (1 + -1 - -11).
-13
Calculate 0 + 17 + (-14 - -13 - 8).
8
7 + -1 - (99 + -107)
14
What is the value of -6 - (-2 + -19) - (56 + -25)?
-16
-121 + 141 + (0 - 30)
-10
What is 29 + -4 + (58 - 63)?
20
What is 9 - (54 + -33) - (0 + -31)?
19
Evaluate (-6 - -18 - 15) + 13.
10
What is the value of (-5 - (7 + -8 - -7 - 5)) + 7?
1
What is the value of -5 - -2 - (-67 + 59)?
5
Calculate (2 + -4 - 8) + 33 + -36 + 2.
-11
What i